{"version":"1.0","provider_name":"Thierry Seguin Photographie","provider_url":"https:\/\/thierryseguin.com\/fr","author_name":"Thierry Seguin blogger","author_url":"https:\/\/thierryseguin.com\/fr\/blog\/author\/thierry-seguin-blogger\/","title":"Vacances, suite et fin ... -","type":"rich","width":600,"height":338,"html":"<blockquote class=\"wp-embedded-content\" data-secret=\"yTWhDJb7Fm\"><a href=\"https:\/\/thierryseguin.com\/fr\/blog\/2007\/08\/21\/vacances-suite-et-fin\/\">Vacances, suite et fin &#8230;<\/a><\/blockquote><iframe sandbox=\"allow-scripts\" security=\"restricted\" src=\"https:\/\/thierryseguin.com\/fr\/blog\/2007\/08\/21\/vacances-suite-et-fin\/embed\/#?secret=yTWhDJb7Fm\" width=\"600\" height=\"338\" title=\"\u00ab\u00a0Vacances, suite et fin &#8230;\u00a0\u00bb &#8212; Thierry Seguin Photographie\" data-secret=\"yTWhDJb7Fm\" frameborder=\"0\" marginwidth=\"0\" marginheight=\"0\" scrolling=\"no\" class=\"wp-embedded-content\"><\/iframe><script type=\"text\/javascript\">\n\/* <![CDATA[ *\/\n\/*! This file is auto-generated *\/\n!function(d,l){\"use strict\";l.querySelector&&d.addEventListener&&\"undefined\"!=typeof URL&&(d.wp=d.wp||{},d.wp.receiveEmbedMessage||(d.wp.receiveEmbedMessage=function(e){var t=e.data;if((t||t.secret||t.message||t.value)&&!\/[^a-zA-Z0-9]\/.test(t.secret)){for(var s,r,n,a=l.querySelectorAll('iframe[data-secret=\"'+t.secret+'\"]'),o=l.querySelectorAll('blockquote[data-secret=\"'+t.secret+'\"]'),c=new RegExp(\"^https?:$\",\"i\"),i=0;i<o.length;i++)o[i].style.display=\"none\";for(i=0;i<a.length;i++)s=a[i],e.source===s.contentWindow&&(s.removeAttribute(\"style\"),\"height\"===t.message?(1e3<(r=parseInt(t.value,10))?r=1e3:~~r<200&&(r=200),s.height=r):\"link\"===t.message&&(r=new URL(s.getAttribute(\"src\")),n=new URL(t.value),c.test(n.protocol))&&n.host===r.host&&l.activeElement===s&&(d.top.location.href=t.value))}},d.addEventListener(\"message\",d.wp.receiveEmbedMessage,!1),l.addEventListener(\"DOMContentLoaded\",function(){for(var e,t,s=l.querySelectorAll(\"iframe.wp-embedded-content\"),r=0;r<s.length;r++)(t=(e=s[r]).getAttribute(\"data-secret\"))||(t=Math.random().toString(36).substring(2,12),e.src+=\"#?secret=\"+t,e.setAttribute(\"data-secret\",t)),e.contentWindow.postMessage({message:\"ready\",secret:t},\"*\")},!1)))}(window,document);\n\/\/# sourceURL=https:\/\/thierryseguin.com\/fr\/wp-includes\/js\/wp-embed.min.js\n\/* ]]> *\/\n<\/script>\n","description":"Mardi 14 ao\u00fbt 2007ce matin, l&#8217;orage d&#8217;hier soir a laiss\u00e9 de l&#8217;humidit\u00e9 dans les vall\u00e9es Nous partons en randonn\u00e9e visiter la ville de Moustiers-Sainte-Marie, capitale de la fa\u00efence L&#8217;apr\u00e8s-midi, nous allons \u00e0 Riez avec nos filles visiter la Maison de l&#8217;abeille Pour ensuite prendre la route de Quinson, qui h\u00e9berge le plus grand mus\u00e9e europ\u00e9en [&hellip;]","thumbnail_url":"http:\/\/bp1.blogger.com\/__MnoThhEels\/RstyKDOQtbI\/AAAAAAAAAG8\/RZiDrAMkvTY\/s400\/SEG_4011.jpg"}

Mardi 14 août 2007ce matin, l&#8217;orage d&#8217;hier soir a laissé de l&#8217;humidité dans les vallées Nous partons en randonnée visiter la ville de Moustiers-Sainte-Marie, capitale de la faïence L&#8217;après-midi, nous allons à Riez avec nos filles visiter la Maison de l&#8217;abeille Pour ensuite prendre la route de Quinson, qui héberge le plus grand musée européen [&hellip;]
