{"version":"1.0","provider_name":"Thierry Seguin Photographie","provider_url":"https:\/\/thierryseguin.com\/fr","author_name":"Thierry Seguin blogger","author_url":"https:\/\/thierryseguin.com\/fr\/blog\/author\/thierry-seguin-blogger\/","title":"Maternit\u00e9 de Vanessa -","type":"rich","width":600,"height":338,"html":"<blockquote class=\"wp-embedded-content\" data-secret=\"1Ve4avtQBL\"><a href=\"https:\/\/thierryseguin.com\/fr\/blog\/2007\/12\/29\/maternite-de-vanessa\/\">Maternit\u00e9 de Vanessa<\/a><\/blockquote><iframe sandbox=\"allow-scripts\" security=\"restricted\" src=\"https:\/\/thierryseguin.com\/fr\/blog\/2007\/12\/29\/maternite-de-vanessa\/embed\/#?secret=1Ve4avtQBL\" width=\"600\" height=\"338\" title=\"\u00ab\u00a0Maternit\u00e9 de Vanessa\u00a0\u00bb &#8212; Thierry Seguin Photographie\" data-secret=\"1Ve4avtQBL\" frameborder=\"0\" marginwidth=\"0\" marginheight=\"0\" scrolling=\"no\" class=\"wp-embedded-content\"><\/iframe><script type=\"text\/javascript\">\n\/* <![CDATA[ *\/\n\/*! This file is auto-generated *\/\n!function(d,l){\"use strict\";l.querySelector&&d.addEventListener&&\"undefined\"!=typeof URL&&(d.wp=d.wp||{},d.wp.receiveEmbedMessage||(d.wp.receiveEmbedMessage=function(e){var t=e.data;if((t||t.secret||t.message||t.value)&&!\/[^a-zA-Z0-9]\/.test(t.secret)){for(var s,r,n,a=l.querySelectorAll('iframe[data-secret=\"'+t.secret+'\"]'),o=l.querySelectorAll('blockquote[data-secret=\"'+t.secret+'\"]'),c=new RegExp(\"^https?:$\",\"i\"),i=0;i<o.length;i++)o[i].style.display=\"none\";for(i=0;i<a.length;i++)s=a[i],e.source===s.contentWindow&&(s.removeAttribute(\"style\"),\"height\"===t.message?(1e3<(r=parseInt(t.value,10))?r=1e3:~~r<200&&(r=200),s.height=r):\"link\"===t.message&&(r=new URL(s.getAttribute(\"src\")),n=new URL(t.value),c.test(n.protocol))&&n.host===r.host&&l.activeElement===s&&(d.top.location.href=t.value))}},d.addEventListener(\"message\",d.wp.receiveEmbedMessage,!1),l.addEventListener(\"DOMContentLoaded\",function(){for(var e,t,s=l.querySelectorAll(\"iframe.wp-embedded-content\"),r=0;r<s.length;r++)(t=(e=s[r]).getAttribute(\"data-secret\"))||(t=Math.random().toString(36).substring(2,12),e.src+=\"#?secret=\"+t,e.setAttribute(\"data-secret\",t)),e.contentWindow.postMessage({message:\"ready\",secret:t},\"*\")},!1)))}(window,document);\n\/\/# sourceURL=https:\/\/thierryseguin.com\/fr\/wp-includes\/js\/wp-embed.min.js\n\/* ]]> *\/\n<\/script>\n","description":"La semaine pr\u00e9c\u00e9dent No\u00ebl, Vanessa est venue \u00e0 mon studio pour garder un souvenir du d\u00e9but de sa premi\u00e8re grossesse. C&#8217;est un moment important de la vie d&#8217;une femme, que la p\u00e9riode \u00e9ph\u00e9m\u00e8re o\u00f9 elle porte son enfant. Que de souvenir pour plus tard ! Pouvoir lui dire : tu vois , tu \u00e9tais ici, [&hellip;]","thumbnail_url":"http:\/\/bp1.blogger.com\/__MnoThhEels\/R3bSc4-eqYI\/AAAAAAAAA2g\/6ZdzOgjJdl8\/s400\/SEG_6251.jpg"}

Maternité de Vanessa -

<blockquote class="wp-embedded-content" data-secret="1Ve4avtQBL"><a href="https://thierryseguin.com/fr/blog/2007/12/29/maternite-de-vanessa/">Maternité de Vanessa</a></blockquote><iframe sandbox="allow-scripts" security="restricted" src="https://thierryseguin.com/fr/blog/2007/12/29/maternite-de-vanessa/embed/#?secret=1Ve4avtQBL" width="600" height="338" title="« Maternité de Vanessa » &#8212; Thierry Seguin Photographie" data-secret="1Ve4avtQBL" frameborder="0" marginwidth="0" marginheight="0" scrolling="no" class="wp-embedded-content"></iframe><script type="text/javascript">
/* <![CDATA[ */
/*! This file is auto-generated */
!function(d,l){"use strict";l.querySelector&&d.addEventListener&&"undefined"!=typeof URL&&(d.wp=d.wp||{},d.wp.receiveEmbedMessage||(d.wp.receiveEmbedMessage=function(e){var t=e.data;if((t||t.secret||t.message||t.value)&&!/[^a-zA-Z0-9]/.test(t.secret)){for(var s,r,n,a=l.querySelectorAll('iframe[data-secret="'+t.secret+'"]'),o=l.querySelectorAll('blockquote[data-secret="'+t.secret+'"]'),c=new RegExp("^https?:$","i"),i=0;i<o.length;i++)o[i].style.display="none";for(i=0;i<a.length;i++)s=a[i],e.source===s.contentWindow&&(s.removeAttribute("style"),"height"===t.message?(1e3<(r=parseInt(t.value,10))?r=1e3:~~r<200&&(r=200),s.height=r):"link"===t.message&&(r=new URL(s.getAttribute("src")),n=new URL(t.value),c.test(n.protocol))&&n.host===r.host&&l.activeElement===s&&(d.top.location.href=t.value))}},d.addEventListener("message",d.wp.receiveEmbedMessage,!1),l.addEventListener("DOMContentLoaded",function(){for(var e,t,s=l.querySelectorAll("iframe.wp-embedded-content"),r=0;r<s.length;r++)(t=(e=s[r]).getAttribute("data-secret"))||(t=Math.random().toString(36).substring(2,12),e.src+="#?secret="+t,e.setAttribute("data-secret",t)),e.contentWindow.postMessage({message:"ready",secret:t},"*")},!1)))}(window,document);
//# sourceURL=https://thierryseguin.com/fr/wp-includes/js/wp-embed.min.js
/* ]]> */
</script>

La semaine précédent Noël, Vanessa est venue à mon studio pour garder un souvenir du début de sa première grossesse. C&#8217;est un moment important de la vie d&#8217;une femme, que la période éphémère où elle porte son enfant. Que de souvenir pour plus tard ! Pouvoir lui dire : tu vois , tu étais ici, [&hellip;]
