{"version":"1.0","provider_name":"Thierry Seguin Photographie","provider_url":"https:\/\/thierryseguin.com\/fr","author_name":"Thierry Seguin","author_url":"https:\/\/thierryseguin.com\/fr\/blog\/author\/thierryseguin\/","title":"Formation \u00e0 la photo d'identit\u00e9 - Thierry Seguin Photographie","type":"rich","width":600,"height":338,"html":"<blockquote class=\"wp-embedded-content\" data-secret=\"oOfcyAJVAF\"><a href=\"https:\/\/thierryseguin.com\/fr\/blog\/testimonial\/formation-a-la-photo-didentite\/\">Formation \u00e0 la photo d&#8217;identit\u00e9<\/a><\/blockquote><iframe sandbox=\"allow-scripts\" security=\"restricted\" src=\"https:\/\/thierryseguin.com\/fr\/blog\/testimonial\/formation-a-la-photo-didentite\/embed\/#?secret=oOfcyAJVAF\" width=\"600\" height=\"338\" title=\"\u00ab\u00a0Formation \u00e0 la photo d&#8217;identit\u00e9\u00a0\u00bb &#8212; Thierry Seguin Photographie\" data-secret=\"oOfcyAJVAF\" frameborder=\"0\" marginwidth=\"0\" marginheight=\"0\" scrolling=\"no\" class=\"wp-embedded-content\"><\/iframe><script type=\"text\/javascript\">\n\/* <![CDATA[ *\/\n\/*! This file is auto-generated *\/\n!function(d,l){\"use strict\";l.querySelector&&d.addEventListener&&\"undefined\"!=typeof URL&&(d.wp=d.wp||{},d.wp.receiveEmbedMessage||(d.wp.receiveEmbedMessage=function(e){var t=e.data;if((t||t.secret||t.message||t.value)&&!\/[^a-zA-Z0-9]\/.test(t.secret)){for(var s,r,n,a=l.querySelectorAll('iframe[data-secret=\"'+t.secret+'\"]'),o=l.querySelectorAll('blockquote[data-secret=\"'+t.secret+'\"]'),c=new RegExp(\"^https?:$\",\"i\"),i=0;i<o.length;i++)o[i].style.display=\"none\";for(i=0;i<a.length;i++)s=a[i],e.source===s.contentWindow&&(s.removeAttribute(\"style\"),\"height\"===t.message?(1e3<(r=parseInt(t.value,10))?r=1e3:~~r<200&&(r=200),s.height=r):\"link\"===t.message&&(r=new URL(s.getAttribute(\"src\")),n=new URL(t.value),c.test(n.protocol))&&n.host===r.host&&l.activeElement===s&&(d.top.location.href=t.value))}},d.addEventListener(\"message\",d.wp.receiveEmbedMessage,!1),l.addEventListener(\"DOMContentLoaded\",function(){for(var e,t,s=l.querySelectorAll(\"iframe.wp-embedded-content\"),r=0;r<s.length;r++)(t=(e=s[r]).getAttribute(\"data-secret\"))||(t=Math.random().toString(36).substring(2,12),e.src+=\"#?secret=\"+t,e.setAttribute(\"data-secret\",t)),e.contentWindow.postMessage({message:\"ready\",secret:t},\"*\")},!1)))}(window,document);\n\/\/# sourceURL=https:\/\/thierryseguin.com\/fr\/wp-includes\/js\/wp-embed.min.js\n\/* ]]> *\/\n<\/script>\n","thumbnail_url":"https:\/\/thierryseguin.com\/fr\/wp-content\/uploads\/2025\/05\/logo_christophe_parmentier_photographe.png","thumbnail_width":760,"thumbnail_height":79,"description":"J\u2019ai suivi la formation \u00e0 la photo d&#8217;identit\u00e9 avec Thierry Seguin et Axel Vannier. Je suis absolument ravi de l&#8217;exp\u00e9rience. Ils sont passionn\u00e9s, p\u00e9dagogues et tr\u00e8s professionnels. Ils prennent le temps de tout expliquer clairement, avec des exemples concrets, et n\u2019h\u00e9sitent pas \u00e0 r\u00e9pondre aux questions en s\u2019adaptant au niveau de chacun. La formation est [&hellip;]"}

Formation à la photo d'identité - Thierry Seguin Photographie

<blockquote class="wp-embedded-content" data-secret="oOfcyAJVAF"><a href="https://thierryseguin.com/fr/blog/testimonial/formation-a-la-photo-didentite/">Formation à la photo d&#8217;identité</a></blockquote><iframe sandbox="allow-scripts" security="restricted" src="https://thierryseguin.com/fr/blog/testimonial/formation-a-la-photo-didentite/embed/#?secret=oOfcyAJVAF" width="600" height="338" title="« Formation à la photo d&#8217;identité » &#8212; Thierry Seguin Photographie" data-secret="oOfcyAJVAF" frameborder="0" marginwidth="0" marginheight="0" scrolling="no" class="wp-embedded-content"></iframe><script type="text/javascript">
/* <![CDATA[ */
/*! This file is auto-generated */
!function(d,l){"use strict";l.querySelector&&d.addEventListener&&"undefined"!=typeof URL&&(d.wp=d.wp||{},d.wp.receiveEmbedMessage||(d.wp.receiveEmbedMessage=function(e){var t=e.data;if((t||t.secret||t.message||t.value)&&!/[^a-zA-Z0-9]/.test(t.secret)){for(var s,r,n,a=l.querySelectorAll('iframe[data-secret="'+t.secret+'"]'),o=l.querySelectorAll('blockquote[data-secret="'+t.secret+'"]'),c=new RegExp("^https?:$","i"),i=0;i<o.length;i++)o[i].style.display="none";for(i=0;i<a.length;i++)s=a[i],e.source===s.contentWindow&&(s.removeAttribute("style"),"height"===t.message?(1e3<(r=parseInt(t.value,10))?r=1e3:~~r<200&&(r=200),s.height=r):"link"===t.message&&(r=new URL(s.getAttribute("src")),n=new URL(t.value),c.test(n.protocol))&&n.host===r.host&&l.activeElement===s&&(d.top.location.href=t.value))}},d.addEventListener("message",d.wp.receiveEmbedMessage,!1),l.addEventListener("DOMContentLoaded",function(){for(var e,t,s=l.querySelectorAll("iframe.wp-embedded-content"),r=0;r<s.length;r++)(t=(e=s[r]).getAttribute("data-secret"))||(t=Math.random().toString(36).substring(2,12),e.src+="#?secret="+t,e.setAttribute("data-secret",t)),e.contentWindow.postMessage({message:"ready",secret:t},"*")},!1)))}(window,document);
//# sourceURL=https://thierryseguin.com/fr/wp-includes/js/wp-embed.min.js
/* ]]> */
</script>

J’ai suivi la formation à la photo d&#8217;identité avec Thierry Seguin et Axel Vannier. Je suis absolument ravi de l&#8217;expérience. Ils sont passionnés, pédagogues et très professionnels. Ils prennent le temps de tout expliquer clairement, avec des exemples concrets, et n’hésitent pas à répondre aux questions en s’adaptant au niveau de chacun. La formation est [&hellip;]
