{"id":1235,"date":"2012-01-25T20:01:00","date_gmt":"2012-01-25T19:01:00","guid":{"rendered":"http:\/\/www.thierryseguin.com\/fr\/?page_id=1235"},"modified":"2022-02-03T02:15:14","modified_gmt":"2022-02-03T00:15:14","slug":"mentions-legales","status":"publish","type":"page","link":"https:\/\/thierryseguin.com\/fr\/mentions-legales\/","title":{"rendered":"Mentions L\u00e9gales"},"content":{"rendered":"<p><strong><em>Identification de l&#8217;entreprise :<\/em><\/strong><\/p>\n<p><span style=\"text-decoration: underline;\">Raison sociale :<\/span>\u00a0<strong>A.S.T.S.P. (Atelier et Studios Thierry Seguin Photographie)<\/strong><br \/>\n<span style=\"text-decoration: underline;\">Nom commercial :\u00a0<\/span><strong>Thierry Seguin Photographie<\/strong><\/p>\n<p><span style=\"text-decoration: underline;\">Adresse :<\/span>\u00a015 rue Paul Brossard 78220 Viroflay \u00a0France<br \/>\n<span style=\"text-decoration: underline;\">T\u00e9l\u00e9phone :\u00a0<\/span> 0608221785 \/ 0130244372<\/p>\n<p><span style=\"text-decoration: underline;\">Activit\u00e9 principale :<\/span>\u00a0 Activit\u00e9s photographiques (7420Z)<br \/>\n<span style=\"text-decoration: underline;\">Forme juridique :<\/span> S.A.R.L. \u00e0 capital variable initial de 24 000 \u20ac, port\u00e9 actuellement \u00e0 114 828 \u20ac<br \/>\n<span style=\"text-decoration: underline;\">Siret\u00a0n\u00b0<\/span> 515 214 559 00012 &#8211;<wbr \/>\u00a0RM 780 &#8211;<wbr \/>\u00a0RCS Versailles<\/p>\n<p><strong><em>Site :<\/em><\/strong><br \/>\n<span style=\"text-decoration: underline;\">Conception, r\u00e9alisation, \u00e9dition du site :<\/span> <a href=\"https:\/\/www.agnescolombo.com\/\" target=\"_blank\" rel=\"noopener\">Agnes COLOMBO \u00a0<\/a><br \/>\n<span style=\"text-decoration: underline;\">Directeur de la Publication et Webmaster :<\/span> <a href=\"https:\/\/trendz.fr\/\" target=\"_blank\" rel=\"noopener\">Romain KERSULEC<\/a><\/p>\n<p>H\u00e9bergeur :\u00a0<a href=\"https:\/\/www.o2switch.fr\/\">https:\/\/www.o2switch.fr\/<\/a>\u00a0sur son serveur de Clermont-Ferrand (France)<\/p>\n<p><strong><em>Propri\u00e9t\u00e9 et Droits d&#8217;utilisation :<\/em><\/strong><br \/>\nSauf mention contraire et \u00e0 l&#8217;exception des banni\u00e8res de partenaires, la structure du site, les graphismes et les images de www.thierryseguin.com sont la propri\u00e9t\u00e9 de Thierry SEGUIN.<\/p>\n<p><em><strong>Collecte d&#8217;informations personnelles :<\/strong><\/em><\/p>\n<p>Le site thierryseguin.com, ainsi que les fichiers de donn\u00e9es nominatives des tiers ont \u00e9t\u00e9\u00a0d\u00e9clar\u00e9 \u00e0 la CNIL sous le N\u00b0 1171723.<\/p>\n<p>Vous disposez d&#8217;un droit d&#8217;acc\u00e8s, de modification, de rectification et de suppression des donn\u00e9es qui vous concernent (art. 34 de la loi &#8220;Informatique et Libert\u00e9s&#8221;). Pour l&#8217;exercer, adressez votre demande \u00e0 Thierry Seguin, par formulaire de contact, email ou courrier postal.<\/p>\n<p><em><strong>M\u00e9diateur de la consommation : <\/strong><\/em><\/p>\n<p>M. Dominique COULON, 37 rue des Ch\u00eanes 25480 Miserey Salines\u00a0 <a href=\"https:\/\/cc-mediateurconso-bfc.fr\">cc-mediateurconso-bfc.fr<\/a><\/p>\n","protected":false},"excerpt":{"rendered":"<p>Identification de l&#8217;entreprise : Raison sociale :\u00a0A.S.T.S.P. (Atelier et Studios Thierry Seguin Photographie) Nom commercial :\u00a0Thierry Seguin Photographie Adresse :\u00a015 rue Paul Brossard 78220 Viroflay \u00a0France T\u00e9l\u00e9phone :\u00a0 0608221785 \/ 0130244372 Activit\u00e9 principale :\u00a0 Activit\u00e9s photographiques (7420Z) Forme juridique : S.A.R.L. \u00e0 capital variable initial de 24 000 \u20ac, port\u00e9 actuellement \u00e0 114 828 \u20ac...<\/p>\n","protected":false},"author":1,"featured_media":0,"parent":0,"menu_order":0,"comment_status":"closed","ping_status":"open","template":"","meta":{"pp_embeds":"","footnotes":""},"class_list":["post-1235","page","type-page","status-publish","hentry"],"yoast_head":"<!-- This site is optimized with the Yoast SEO plugin v27.4 - https:\/\/yoast.com\/product\/yoast-seo-wordpress\/ -->\n<title>Mentions L\u00e9gales -<\/title>\n<meta name=\"robots\" content=\"index, follow, max-snippet:-1, max-image-preview:large, max-video-preview:-1\" \/>\n<link rel=\"canonical\" href=\"https:\/\/thierryseguin.com\/fr\/mentions-legales\/\" \/>\n<meta property=\"og:locale\" content=\"fr_FR\" \/>\n<meta property=\"og:type\" content=\"article\" \/>\n<meta property=\"og:title\" content=\"Mentions L\u00e9gales -\" \/>\n<meta property=\"og:description\" content=\"Identification de l&#8217;entreprise : Raison sociale :\u00a0A.S.T.S.P. (Atelier et Studios Thierry Seguin Photographie) Nom commercial :\u00a0Thierry Seguin Photographie Adresse :\u00a015 rue Paul Brossard 78220 Viroflay \u00a0France T\u00e9l\u00e9phone :\u00a0 0608221785 \/ 0130244372 Activit\u00e9 principale :\u00a0 Activit\u00e9s photographiques (7420Z) Forme juridique : S.A.R.L. \u00e0 capital variable initial de 24 000 \u20ac, port\u00e9 actuellement \u00e0 114 828 \u20ac [&hellip;]\" \/>\n<meta property=\"og:url\" content=\"https:\/\/thierryseguin.com\/fr\/mentions-legales\/\" \/>\n<meta property=\"og:site_name\" content=\"Thierry Seguin Photographie\" \/>\n<meta property=\"article:publisher\" content=\"https:\/\/www.facebook.com\/ThierrySeguinPhotographie\" \/>\n<meta property=\"article:modified_time\" content=\"2022-02-03T00:15:14+00:00\" \/>\n<meta name=\"twitter:card\" content=\"summary_large_image\" \/>\n<meta name=\"twitter:site\" content=\"@thierry_seguin\" \/>\n<meta name=\"twitter:label1\" content=\"Dur\u00e9e de lecture estim\u00e9e\" \/>\n\t<meta name=\"twitter:data1\" content=\"2 minutes\" \/>\n<script type=\"application\/ld+json\" class=\"yoast-schema-graph\">{\"@context\":\"https:\\\/\\\/schema.org\",\"@graph\":[{\"@type\":\"WebPage\",\"@id\":\"https:\\\/\\\/thierryseguin.com\\\/fr\\\/mentions-legales\\\/\",\"url\":\"https:\\\/\\\/thierryseguin.com\\\/fr\\\/mentions-legales\\\/\",\"name\":\"Mentions L\u00e9gales -\",\"isPartOf\":{\"@id\":\"https:\\\/\\\/thierryseguin.com\\\/fr\\\/#website\"},\"datePublished\":\"2012-01-25T19:01:00+00:00\",\"dateModified\":\"2022-02-03T00:15:14+00:00\",\"breadcrumb\":{\"@id\":\"https:\\\/\\\/thierryseguin.com\\\/fr\\\/mentions-legales\\\/#breadcrumb\"},\"inLanguage\":\"fr-FR\",\"potentialAction\":[{\"@type\":\"ReadAction\",\"target\":[\"https:\\\/\\\/thierryseguin.com\\\/fr\\\/mentions-legales\\\/\"]}]},{\"@type\":\"BreadcrumbList\",\"@id\":\"https:\\\/\\\/thierryseguin.com\\\/fr\\\/mentions-legales\\\/#breadcrumb\",\"itemListElement\":[{\"@type\":\"ListItem\",\"position\":1,\"name\":\"Accueil\",\"item\":\"https:\\\/\\\/thierryseguin.com\\\/fr\\\/\"},{\"@type\":\"ListItem\",\"position\":2,\"name\":\"Mentions L\u00e9gales\"}]},{\"@type\":\"WebSite\",\"@id\":\"https:\\\/\\\/thierryseguin.com\\\/fr\\\/#website\",\"url\":\"https:\\\/\\\/thierryseguin.com\\\/fr\\\/\",\"name\":\"Thierry Seguin Photographie\",\"description\":\"Photographe de Portrait de Famille, Grossesse, B\u00e9b\u00e9s, Mariage\",\"potentialAction\":[{\"@type\":\"SearchAction\",\"target\":{\"@type\":\"EntryPoint\",\"urlTemplate\":\"https:\\\/\\\/thierryseguin.com\\\/fr\\\/?s={search_term_string}\"},\"query-input\":{\"@type\":\"PropertyValueSpecification\",\"valueRequired\":true,\"valueName\":\"search_term_string\"}}],\"inLanguage\":\"fr-FR\"}]}<\/script>\n<!-- \/ Yoast SEO plugin. -->","yoast_head_json":{"title":"Mentions L\u00e9gales -","robots":{"index":"index","follow":"follow","max-snippet":"max-snippet:-1","max-image-preview":"max-image-preview:large","max-video-preview":"max-video-preview:-1"},"canonical":"https:\/\/thierryseguin.com\/fr\/mentions-legales\/","og_locale":"fr_FR","og_type":"article","og_title":"Mentions L\u00e9gales -","og_description":"Identification de l&#8217;entreprise : Raison sociale :\u00a0A.S.T.S.P. (Atelier et Studios Thierry Seguin Photographie) Nom commercial :\u00a0Thierry Seguin Photographie Adresse :\u00a015 rue Paul Brossard 78220 Viroflay \u00a0France T\u00e9l\u00e9phone :\u00a0 0608221785 \/ 0130244372 Activit\u00e9 principale :\u00a0 Activit\u00e9s photographiques (7420Z) Forme juridique : S.A.R.L. \u00e0 capital variable initial de 24 000 \u20ac, port\u00e9 actuellement \u00e0 114 828 \u20ac [&hellip;]","og_url":"https:\/\/thierryseguin.com\/fr\/mentions-legales\/","og_site_name":"Thierry Seguin Photographie","article_publisher":"https:\/\/www.facebook.com\/ThierrySeguinPhotographie","article_modified_time":"2022-02-03T00:15:14+00:00","twitter_card":"summary_large_image","twitter_site":"@thierry_seguin","twitter_misc":{"Dur\u00e9e de lecture estim\u00e9e":"2 minutes"},"schema":{"@context":"https:\/\/schema.org","@graph":[{"@type":"WebPage","@id":"https:\/\/thierryseguin.com\/fr\/mentions-legales\/","url":"https:\/\/thierryseguin.com\/fr\/mentions-legales\/","name":"Mentions L\u00e9gales -","isPartOf":{"@id":"https:\/\/thierryseguin.com\/fr\/#website"},"datePublished":"2012-01-25T19:01:00+00:00","dateModified":"2022-02-03T00:15:14+00:00","breadcrumb":{"@id":"https:\/\/thierryseguin.com\/fr\/mentions-legales\/#breadcrumb"},"inLanguage":"fr-FR","potentialAction":[{"@type":"ReadAction","target":["https:\/\/thierryseguin.com\/fr\/mentions-legales\/"]}]},{"@type":"BreadcrumbList","@id":"https:\/\/thierryseguin.com\/fr\/mentions-legales\/#breadcrumb","itemListElement":[{"@type":"ListItem","position":1,"name":"Accueil","item":"https:\/\/thierryseguin.com\/fr\/"},{"@type":"ListItem","position":2,"name":"Mentions L\u00e9gales"}]},{"@type":"WebSite","@id":"https:\/\/thierryseguin.com\/fr\/#website","url":"https:\/\/thierryseguin.com\/fr\/","name":"Thierry Seguin Photographie","description":"Photographe de Portrait de Famille, Grossesse, B\u00e9b\u00e9s, Mariage","potentialAction":[{"@type":"SearchAction","target":{"@type":"EntryPoint","urlTemplate":"https:\/\/thierryseguin.com\/fr\/?s={search_term_string}"},"query-input":{"@type":"PropertyValueSpecification","valueRequired":true,"valueName":"search_term_string"}}],"inLanguage":"fr-FR"}]}},"_links":{"self":[{"href":"https:\/\/thierryseguin.com\/fr\/wp-json\/wp\/v2\/pages\/1235","targetHints":{"allow":["GET"]}}],"collection":[{"href":"https:\/\/thierryseguin.com\/fr\/wp-json\/wp\/v2\/pages"}],"about":[{"href":"https:\/\/thierryseguin.com\/fr\/wp-json\/wp\/v2\/types\/page"}],"author":[{"embeddable":true,"href":"https:\/\/thierryseguin.com\/fr\/wp-json\/wp\/v2\/users\/1"}],"replies":[{"embeddable":true,"href":"https:\/\/thierryseguin.com\/fr\/wp-json\/wp\/v2\/comments?post=1235"}],"version-history":[{"count":19,"href":"https:\/\/thierryseguin.com\/fr\/wp-json\/wp\/v2\/pages\/1235\/revisions"}],"predecessor-version":[{"id":24401,"href":"https:\/\/thierryseguin.com\/fr\/wp-json\/wp\/v2\/pages\/1235\/revisions\/24401"}],"wp:attachment":[{"href":"https:\/\/thierryseguin.com\/fr\/wp-json\/wp\/v2\/media?parent=1235"}],"curies":[{"name":"wp","href":"https:\/\/api.w.org\/{rel}","templated":true}]}}

Mentions Légales

<p><strong><em>Identification de l&#8217;entreprise :</em></strong></p>
<p><span style="text-decoration: underline;">Raison sociale :</span> <strong>A.S.T.S.P. (Atelier et Studios Thierry Seguin Photographie)</strong><br />
<span style="text-decoration: underline;">Nom commercial : </span><strong>Thierry Seguin Photographie</strong></p>
<p><span style="text-decoration: underline;">Adresse :</span> 15 rue Paul Brossard 78220 Viroflay  France<br />
<span style="text-decoration: underline;">Téléphone : </span> 0608221785 / 0130244372</p>
<p><span style="text-decoration: underline;">Activité principale :</span>  Activités photographiques (7420Z)<br />
<span style="text-decoration: underline;">Forme juridique :</span> S.A.R.L. à capital variable initial de 24 000 €, porté actuellement à 114 828 €<br />
<span style="text-decoration: underline;">Siret n°</span> 515 214 559 00012 &#8211;<wbr /> RM 780 &#8211;<wbr /> RCS Versailles</p>
<p><strong><em>Site :</em></strong><br />
<span style="text-decoration: underline;">Conception, réalisation, édition du site :</span> <a href="https://www.agnescolombo.com/" target="_blank" rel="noopener">Agnes COLOMBO  </a><br />
<span style="text-decoration: underline;">Directeur de la Publication et Webmaster :</span> <a href="https://trendz.fr/" target="_blank" rel="noopener">Romain KERSULEC</a></p>
<p>Hébergeur : <a href="https://www.o2switch.fr/">https://www.o2switch.fr/</a> sur son serveur de Clermont-Ferrand (France)</p>
<p><strong><em>Propriété et Droits d&#8217;utilisation :</em></strong><br />
Sauf mention contraire et à l&#8217;exception des bannières de partenaires, la structure du site, les graphismes et les images de www.thierryseguin.com sont la propriété de Thierry SEGUIN.</p>
<p><em><strong>Collecte d&#8217;informations personnelles :</strong></em></p>
<p>Le site thierryseguin.com, ainsi que les fichiers de données nominatives des tiers ont été déclaré à la CNIL sous le N° 1171723.</p>
<p>Vous disposez d&#8217;un droit d&#8217;accès, de modification, de rectification et de suppression des données qui vous concernent (art. 34 de la loi &#8220;Informatique et Libertés&#8221;). Pour l&#8217;exercer, adressez votre demande à Thierry Seguin, par formulaire de contact, email ou courrier postal.</p>
<p><em><strong>Médiateur de la consommation : </strong></em></p>
<p>M. Dominique COULON, 37 rue des Chênes 25480 Miserey Salines  <a href="https://cc-mediateurconso-bfc.fr">cc-mediateurconso-bfc.fr</a></p>

<p>Identification de l&#8217;entreprise : Raison sociale : A.S.T.S.P. (Atelier et Studios Thierry Seguin Photographie) Nom commercial : Thierry Seguin Photographie Adresse : 15 rue Paul Brossard 78220 Viroflay  France Téléphone :  0608221785 / 0130244372 Activité principale :  Activités photographiques (7420Z) Forme juridique : S.A.R.L. à capital variable initial de 24 000 €, porté actuellement à 114 828 €...</p>

<!-- This site is optimized with the Yoast SEO plugin v27.4 - https://yoast.com/product/yoast-seo-wordpress/ -->
<title>Mentions Légales -</title>
<meta name="robots" content="index, follow, max-snippet:-1, max-image-preview:large, max-video-preview:-1" />
<link rel="canonical" href="https://thierryseguin.com/fr/mentions-legales/" />
<meta property="og:locale" content="fr_FR" />
<meta property="og:type" content="article" />
<meta property="og:title" content="Mentions Légales -" />
<meta property="og:description" content="Identification de l&#8217;entreprise : Raison sociale : A.S.T.S.P. (Atelier et Studios Thierry Seguin Photographie) Nom commercial : Thierry Seguin Photographie Adresse : 15 rue Paul Brossard 78220 Viroflay  France Téléphone :  0608221785 / 0130244372 Activité principale :  Activités photographiques (7420Z) Forme juridique : S.A.R.L. à capital variable initial de 24 000 €, porté actuellement à 114 828 € [&hellip;]" />
<meta property="og:url" content="https://thierryseguin.com/fr/mentions-legales/" />
<meta property="og:site_name" content="Thierry Seguin Photographie" />
<meta property="article:publisher" content="https://www.facebook.com/ThierrySeguinPhotographie" />
<meta property="article:modified_time" content="2022-02-03T00:15:14+00:00" />
<meta name="twitter:card" content="summary_large_image" />
<meta name="twitter:site" content="@thierry_seguin" />
<meta name="twitter:label1" content="Durée de lecture estimée" />
	<meta name="twitter:data1" content="2 minutes" />
<script type="application/ld+json" class="yoast-schema-graph">{"@context":"https:\/\/schema.org","@graph":[{"@type":"WebPage","@id":"https:\/\/thierryseguin.com\/fr\/mentions-legales\/","url":"https:\/\/thierryseguin.com\/fr\/mentions-legales\/","name":"Mentions Légales -","isPartOf":{"@id":"https:\/\/thierryseguin.com\/fr\/#website"},"datePublished":"2012-01-25T19:01:00+00:00","dateModified":"2022-02-03T00:15:14+00:00","breadcrumb":{"@id":"https:\/\/thierryseguin.com\/fr\/mentions-legales\/#breadcrumb"},"inLanguage":"fr-FR","potentialAction":[{"@type":"ReadAction","target":["https:\/\/thierryseguin.com\/fr\/mentions-legales\/"]}]},{"@type":"BreadcrumbList","@id":"https:\/\/thierryseguin.com\/fr\/mentions-legales\/#breadcrumb","itemListElement":[{"@type":"ListItem","position":1,"name":"Accueil","item":"https:\/\/thierryseguin.com\/fr\/"},{"@type":"ListItem","position":2,"name":"Mentions Légales"}]},{"@type":"WebSite","@id":"https:\/\/thierryseguin.com\/fr\/#website","url":"https:\/\/thierryseguin.com\/fr\/","name":"Thierry Seguin Photographie","description":"Photographe de Portrait de Famille, Grossesse, Bébés, Mariage","potentialAction":[{"@type":"SearchAction","target":{"@type":"EntryPoint","urlTemplate":"https:\/\/thierryseguin.com\/fr\/?s={search_term_string}"},"query-input":{"@type":"PropertyValueSpecification","valueRequired":true,"valueName":"search_term_string"}}],"inLanguage":"fr-FR"}]}</script>
<!-- / Yoast SEO plugin. -->

Mentions Légales -

Identification de l&#8217;entreprise : Raison sociale : A.S.T.S.P. (Atelier et Studios Thierry Seguin Photographie) Nom commercial : Thierry Seguin Photographie Adresse : 15 rue Paul Brossard 78220 Viroflay  France Téléphone :  0608221785 / 0130244372 Activité principale :  Activités photographiques (7420Z) Forme juridique : S.A.R.L. à capital variable initial de 24 000 €, porté actuellement à 114 828 € [&hellip;]

Photographe de Portrait de Famille, Grossesse, Bébés, Mariage
