{"id":24072,"date":"2022-01-03T12:47:07","date_gmt":"2022-01-03T10:47:07","guid":{"rendered":"https:\/\/thierryseguin.com\/fr\/?page_id=24072"},"modified":"2022-01-25T18:34:51","modified_gmt":"2022-01-25T16:34:51","slug":"photographe-professionnels-versailles-viroflay-chaville","status":"publish","type":"page","link":"https:\/\/thierryseguin.com\/fr\/photographe-professionnels-versailles-viroflay-chaville\/","title":{"rendered":"Photographe portraits professionnels Versailles Viroflay Chaville \u00e9v\u00e8nementiel"},"content":{"rendered":"","protected":false},"excerpt":{"rendered":"","protected":false},"author":230,"featured_media":0,"parent":0,"menu_order":0,"comment_status":"closed","ping_status":"closed","template":"","meta":{"pp_embeds":"","footnotes":""},"class_list":["post-24072","page","type-page","status-publish","hentry"],"yoast_head":"<!-- This site is optimized with the Yoast SEO plugin v27.4 - https:\/\/yoast.com\/product\/yoast-seo-wordpress\/ -->\n<title>Photographe portraits professionnels Versailles Viroflay Chaville \u00e9v\u00e8nementiel -<\/title>\n<meta name=\"description\" content=\"Portraits professionnels valorisants en studio et reportages \u00e9v\u00e9nementiels autour de Versailles pour les entrepreneurs et professionnels.\" \/>\n<meta name=\"robots\" content=\"index, follow, max-snippet:-1, max-image-preview:large, max-video-preview:-1\" \/>\n<link rel=\"canonical\" href=\"https:\/\/thierryseguin.com\/fr\/photographe-professionnels-versailles-viroflay-chaville\/\" \/>\n<meta property=\"og:locale\" content=\"fr_FR\" \/>\n<meta property=\"og:type\" content=\"article\" \/>\n<meta property=\"og:title\" content=\"Photographe portraits professionnels Versailles Viroflay Chaville \u00e9v\u00e8nementiel -\" \/>\n<meta property=\"og:description\" content=\"Portraits professionnels valorisants en studio et reportages \u00e9v\u00e9nementiels autour de Versailles pour les entrepreneurs et professionnels.\" \/>\n<meta property=\"og:url\" content=\"https:\/\/thierryseguin.com\/fr\/photographe-professionnels-versailles-viroflay-chaville\/\" \/>\n<meta property=\"og:site_name\" content=\"Thierry Seguin Photographie\" \/>\n<meta property=\"article:publisher\" content=\"https:\/\/www.facebook.com\/ThierrySeguinPhotographie\" \/>\n<meta property=\"article:modified_time\" content=\"2022-01-25T16:34:51+00:00\" \/>\n<meta name=\"twitter:card\" content=\"summary_large_image\" \/>\n<meta name=\"twitter:site\" content=\"@thierry_seguin\" \/>\n<script type=\"application\/ld+json\" class=\"yoast-schema-graph\">{\"@context\":\"https:\\\/\\\/schema.org\",\"@graph\":[{\"@type\":\"WebPage\",\"@id\":\"https:\\\/\\\/thierryseguin.com\\\/fr\\\/photographe-professionnels-versailles-viroflay-chaville\\\/\",\"url\":\"https:\\\/\\\/thierryseguin.com\\\/fr\\\/photographe-professionnels-versailles-viroflay-chaville\\\/\",\"name\":\"Photographe portraits professionnels Versailles Viroflay Chaville \u00e9v\u00e8nementiel -\",\"isPartOf\":{\"@id\":\"https:\\\/\\\/thierryseguin.com\\\/fr\\\/#website\"},\"datePublished\":\"2022-01-03T10:47:07+00:00\",\"dateModified\":\"2022-01-25T16:34:51+00:00\",\"description\":\"Portraits professionnels valorisants en studio et reportages \u00e9v\u00e9nementiels autour de Versailles pour les entrepreneurs et professionnels.\",\"breadcrumb\":{\"@id\":\"https:\\\/\\\/thierryseguin.com\\\/fr\\\/photographe-professionnels-versailles-viroflay-chaville\\\/#breadcrumb\"},\"inLanguage\":\"fr-FR\",\"potentialAction\":[{\"@type\":\"ReadAction\",\"target\":[\"https:\\\/\\\/thierryseguin.com\\\/fr\\\/photographe-professionnels-versailles-viroflay-chaville\\\/\"]}]},{\"@type\":\"BreadcrumbList\",\"@id\":\"https:\\\/\\\/thierryseguin.com\\\/fr\\\/photographe-professionnels-versailles-viroflay-chaville\\\/#breadcrumb\",\"itemListElement\":[{\"@type\":\"ListItem\",\"position\":1,\"name\":\"Accueil\",\"item\":\"https:\\\/\\\/thierryseguin.com\\\/fr\\\/\"},{\"@type\":\"ListItem\",\"position\":2,\"name\":\"Photographe portraits professionnels Versailles Viroflay Chaville \u00e9v\u00e8nementiel\"}]},{\"@type\":\"WebSite\",\"@id\":\"https:\\\/\\\/thierryseguin.com\\\/fr\\\/#website\",\"url\":\"https:\\\/\\\/thierryseguin.com\\\/fr\\\/\",\"name\":\"Thierry Seguin Photographie\",\"description\":\"Photographe de Portrait de Famille, Grossesse, B\u00e9b\u00e9s, Mariage\",\"potentialAction\":[{\"@type\":\"SearchAction\",\"target\":{\"@type\":\"EntryPoint\",\"urlTemplate\":\"https:\\\/\\\/thierryseguin.com\\\/fr\\\/?s={search_term_string}\"},\"query-input\":{\"@type\":\"PropertyValueSpecification\",\"valueRequired\":true,\"valueName\":\"search_term_string\"}}],\"inLanguage\":\"fr-FR\"}]}<\/script>\n<!-- \/ Yoast SEO plugin. -->","yoast_head_json":{"title":"Photographe portraits professionnels Versailles Viroflay Chaville \u00e9v\u00e8nementiel -","description":"Portraits professionnels valorisants en studio et reportages \u00e9v\u00e9nementiels autour de Versailles pour les entrepreneurs et professionnels.","robots":{"index":"index","follow":"follow","max-snippet":"max-snippet:-1","max-image-preview":"max-image-preview:large","max-video-preview":"max-video-preview:-1"},"canonical":"https:\/\/thierryseguin.com\/fr\/photographe-professionnels-versailles-viroflay-chaville\/","og_locale":"fr_FR","og_type":"article","og_title":"Photographe portraits professionnels Versailles Viroflay Chaville \u00e9v\u00e8nementiel -","og_description":"Portraits professionnels valorisants en studio et reportages \u00e9v\u00e9nementiels autour de Versailles pour les entrepreneurs et professionnels.","og_url":"https:\/\/thierryseguin.com\/fr\/photographe-professionnels-versailles-viroflay-chaville\/","og_site_name":"Thierry Seguin Photographie","article_publisher":"https:\/\/www.facebook.com\/ThierrySeguinPhotographie","article_modified_time":"2022-01-25T16:34:51+00:00","twitter_card":"summary_large_image","twitter_site":"@thierry_seguin","schema":{"@context":"https:\/\/schema.org","@graph":[{"@type":"WebPage","@id":"https:\/\/thierryseguin.com\/fr\/photographe-professionnels-versailles-viroflay-chaville\/","url":"https:\/\/thierryseguin.com\/fr\/photographe-professionnels-versailles-viroflay-chaville\/","name":"Photographe portraits professionnels Versailles Viroflay Chaville \u00e9v\u00e8nementiel -","isPartOf":{"@id":"https:\/\/thierryseguin.com\/fr\/#website"},"datePublished":"2022-01-03T10:47:07+00:00","dateModified":"2022-01-25T16:34:51+00:00","description":"Portraits professionnels valorisants en studio et reportages \u00e9v\u00e9nementiels autour de Versailles pour les entrepreneurs et professionnels.","breadcrumb":{"@id":"https:\/\/thierryseguin.com\/fr\/photographe-professionnels-versailles-viroflay-chaville\/#breadcrumb"},"inLanguage":"fr-FR","potentialAction":[{"@type":"ReadAction","target":["https:\/\/thierryseguin.com\/fr\/photographe-professionnels-versailles-viroflay-chaville\/"]}]},{"@type":"BreadcrumbList","@id":"https:\/\/thierryseguin.com\/fr\/photographe-professionnels-versailles-viroflay-chaville\/#breadcrumb","itemListElement":[{"@type":"ListItem","position":1,"name":"Accueil","item":"https:\/\/thierryseguin.com\/fr\/"},{"@type":"ListItem","position":2,"name":"Photographe portraits professionnels Versailles Viroflay Chaville \u00e9v\u00e8nementiel"}]},{"@type":"WebSite","@id":"https:\/\/thierryseguin.com\/fr\/#website","url":"https:\/\/thierryseguin.com\/fr\/","name":"Thierry Seguin Photographie","description":"Photographe de Portrait de Famille, Grossesse, B\u00e9b\u00e9s, Mariage","potentialAction":[{"@type":"SearchAction","target":{"@type":"EntryPoint","urlTemplate":"https:\/\/thierryseguin.com\/fr\/?s={search_term_string}"},"query-input":{"@type":"PropertyValueSpecification","valueRequired":true,"valueName":"search_term_string"}}],"inLanguage":"fr-FR"}]}},"_links":{"self":[{"href":"https:\/\/thierryseguin.com\/fr\/wp-json\/wp\/v2\/pages\/24072","targetHints":{"allow":["GET"]}}],"collection":[{"href":"https:\/\/thierryseguin.com\/fr\/wp-json\/wp\/v2\/pages"}],"about":[{"href":"https:\/\/thierryseguin.com\/fr\/wp-json\/wp\/v2\/types\/page"}],"author":[{"embeddable":true,"href":"https:\/\/thierryseguin.com\/fr\/wp-json\/wp\/v2\/users\/230"}],"replies":[{"embeddable":true,"href":"https:\/\/thierryseguin.com\/fr\/wp-json\/wp\/v2\/comments?post=24072"}],"version-history":[{"count":3,"href":"https:\/\/thierryseguin.com\/fr\/wp-json\/wp\/v2\/pages\/24072\/revisions"}],"predecessor-version":[{"id":24245,"href":"https:\/\/thierryseguin.com\/fr\/wp-json\/wp\/v2\/pages\/24072\/revisions\/24245"}],"wp:attachment":[{"href":"https:\/\/thierryseguin.com\/fr\/wp-json\/wp\/v2\/media?parent=24072"}],"curies":[{"name":"wp","href":"https:\/\/api.w.org\/{rel}","templated":true}]}}

Photographe portraits professionnels Versailles Viroflay Chaville évènementiel

<!-- This site is optimized with the Yoast SEO plugin v27.4 - https://yoast.com/product/yoast-seo-wordpress/ -->
<title>Photographe portraits professionnels Versailles Viroflay Chaville évènementiel -</title>
<meta name="description" content="Portraits professionnels valorisants en studio et reportages événementiels autour de Versailles pour les entrepreneurs et professionnels." />
<meta name="robots" content="index, follow, max-snippet:-1, max-image-preview:large, max-video-preview:-1" />
<link rel="canonical" href="https://thierryseguin.com/fr/photographe-professionnels-versailles-viroflay-chaville/" />
<meta property="og:locale" content="fr_FR" />
<meta property="og:type" content="article" />
<meta property="og:title" content="Photographe portraits professionnels Versailles Viroflay Chaville évènementiel -" />
<meta property="og:description" content="Portraits professionnels valorisants en studio et reportages événementiels autour de Versailles pour les entrepreneurs et professionnels." />
<meta property="og:url" content="https://thierryseguin.com/fr/photographe-professionnels-versailles-viroflay-chaville/" />
<meta property="og:site_name" content="Thierry Seguin Photographie" />
<meta property="article:publisher" content="https://www.facebook.com/ThierrySeguinPhotographie" />
<meta property="article:modified_time" content="2022-01-25T16:34:51+00:00" />
<meta name="twitter:card" content="summary_large_image" />
<meta name="twitter:site" content="@thierry_seguin" />
<script type="application/ld+json" class="yoast-schema-graph">{"@context":"https:\/\/schema.org","@graph":[{"@type":"WebPage","@id":"https:\/\/thierryseguin.com\/fr\/photographe-professionnels-versailles-viroflay-chaville\/","url":"https:\/\/thierryseguin.com\/fr\/photographe-professionnels-versailles-viroflay-chaville\/","name":"Photographe portraits professionnels Versailles Viroflay Chaville évènementiel -","isPartOf":{"@id":"https:\/\/thierryseguin.com\/fr\/#website"},"datePublished":"2022-01-03T10:47:07+00:00","dateModified":"2022-01-25T16:34:51+00:00","description":"Portraits professionnels valorisants en studio et reportages événementiels autour de Versailles pour les entrepreneurs et professionnels.","breadcrumb":{"@id":"https:\/\/thierryseguin.com\/fr\/photographe-professionnels-versailles-viroflay-chaville\/#breadcrumb"},"inLanguage":"fr-FR","potentialAction":[{"@type":"ReadAction","target":["https:\/\/thierryseguin.com\/fr\/photographe-professionnels-versailles-viroflay-chaville\/"]}]},{"@type":"BreadcrumbList","@id":"https:\/\/thierryseguin.com\/fr\/photographe-professionnels-versailles-viroflay-chaville\/#breadcrumb","itemListElement":[{"@type":"ListItem","position":1,"name":"Accueil","item":"https:\/\/thierryseguin.com\/fr\/"},{"@type":"ListItem","position":2,"name":"Photographe portraits professionnels Versailles Viroflay Chaville évènementiel"}]},{"@type":"WebSite","@id":"https:\/\/thierryseguin.com\/fr\/#website","url":"https:\/\/thierryseguin.com\/fr\/","name":"Thierry Seguin Photographie","description":"Photographe de Portrait de Famille, Grossesse, Bébés, Mariage","potentialAction":[{"@type":"SearchAction","target":{"@type":"EntryPoint","urlTemplate":"https:\/\/thierryseguin.com\/fr\/?s={search_term_string}"},"query-input":{"@type":"PropertyValueSpecification","valueRequired":true,"valueName":"search_term_string"}}],"inLanguage":"fr-FR"}]}</script>
<!-- / Yoast SEO plugin. -->

Photographe portraits professionnels Versailles Viroflay Chaville évènementiel -

Portraits professionnels valorisants en studio et reportages événementiels autour de Versailles pour les entrepreneurs et professionnels.

Photographe de Portrait de Famille, Grossesse, Bébés, Mariage
